In base 6, what is -24 - -4?
-20
In base 2, what is 10001 + -1110111100?
-1110101011
In base 14, what is 2 - 2a?
-28
In base 16, what is 0 - -3?
3
In base 12, what is -4 - -1091?
1089
In base 5, what is -3 + 4323?
4320
In base 5, what is 341 - 3?
333
In base 8, what is 2067 - -2?
2071
In base 2, what is -100 - 11001101?
-11010001
In base 9, what is -527 + 5?
-522
In base 2, what is 1 - 1010000?
-1001111
In base 6, what is 2032 + -2?
2030
In base 4, what is -2 + -230?
-232
In base 15, what is ec - 1a?
d2
In base 9, what is 108 - 75?
23
In base 15, what is 36 + 31?
67
In base 6, what is -241 - 1?
-242
In base 13, what is -2 + 2?
0
In base 9, what is 233 + 4?
237
In base 5, what is 3 + 304?
312
In base 15, what is -4db - 1?
-4dc
In base 11, what is -10 + 3?
-8
In base 8, what is -20 - -2?
-16
In base 11, what is -2 + a6?
a4
In base 3, what is -10 - -1100?
1020
In base 11, what is 6 - -47?
52
In base 3, what is -12 + 2210?
2121
In base 4, what is 20133 + 21?
20220
In base 10, what is 5 - -4?
9
In base 16, what is -2 + 3f?
3d
In base 11, what is 1a + -32?
-13
In base 9, what is -611 - -8?
-602
In base 16, what is -1 + -92?
-93
In base 8, what is 0 - -577?
577
In base 11, what is -492 - -7?
-486
In base 4, what is 222 - -1?
223
In base 9, what is 0 + -138?
-138
In base 6, what is -1 + 54?
53
In base 4, what is -1 + 1021?
1020
In base 2, what is -101 - 1001010?
-1001111
In base 12, what is -3 - -1724?
1721
In base 8, what is 172 - 3?
167
In base 7, what is -2 - -143?
141
In base 4, what is -1 + -122?
-123
In base 13, what is -93 - -2?
-91
In base 3, what is -22220 + 12?
-22201
In base 5, what is 1 - 10?
-4
In base 3, what is 10001 + 2?
10010
In base 2, what is 1011001000101 - -1?
1011001000110
In base 8, what is -1356 - 4?
-1362
In base 11, what is 4443 + 3?
4446
In base 9, what is 7122 + 2?
7124
In base 9, what is -5 + 30?
24
In base 10, what is 0 + -663?
-663
In base 15, what is 2 - 60b?
-609
In base 7, what is 3 - 3456?
-3453
In base 12, what is 2 + 1?
3
In base 7, what is 116 + -5?
111
In base 7, what is 120 - -56?
206
In base 14, what is -2 + 212?
210
In base 6, what is 5 - -125?
134
In base 14, what is -2 + 6d?
6b
In base 13, what is 18 + -424?
-409
In base 4, what is 21 - -1130?
1211
In base 10, what is -4 + -97?
-101
In base 4, what is 213 + -21?
132
In base 5, what is -21 + 132?
111
In base 2, what is 101 - 10100101010?
-10100100101
In base 15, what is -1111 - 1?
-1112
In base 9, what is 53 + 54?
117
In base 10, what is 1198 + 1?
1199
In base 11, what is -2a + 3?
-27
In base 6, what is -1 - 0?
-1
In base 7, what is 122 + 14?
136
In base 15, what is 311 - -14?
325
In base 6, what is 112 + -1?
111
In base 13, what is 22 + -c?
13
In base 10, what is 4 + -2870?
-2866
In base 12, what is 1 - b?
-a
In base 10, what is 55 - -28?
83
In base 3, what is -1 - 2221?
-2222
In base 9, what is -1034 - -8?
-1025
In base 5, what is -114 - -10140?
10021
In base 8, what is 306 - 5?
301
In base 12, what is -2 - 3b6?
-3b8
In base 2, what is 11 + 10011100?
10011111
In base 12, what is 2 + 62?
64
In base 4, what is 13 + -10301?
-10222
In base 11, what is 4 + -195?
-191
In base 15, what is -5 + 248?
243
In base 5, what is -1002 - 4?
-1011
In base 9, what is -1101 + 1?
-1100
In base 15, what is -237 - 0?
-237
In base 10, what is 621 - -3?
624
In base 12, what is -63 - -60?
-3
In base 4, what is -102 - -20?
-22
In base 13, what is 673 + -2?
671
In base 13, what is -5 + -107?
-10c
In base 9, what is -28 + -1?
-30
In base 6, what is -13 + 121?
104
In base 2, what is -111 + -11001?
-100000
In base 10, what is -14037 - -1?
-14036
In base 4, what is 121 - 2?
113
In base 12, what is 3 - -489?
490
In base 10, what is -43 + -6?
-49
In base 16, what is 5d - -bb?
118
In base 12, what is -15 + -4?
-19
In base 9, what is 53 - -456?
520
In base 9, what is -3 - 41?
-44
In base 8, what is 1 - -126?
127
In base 9, what is -13 - -62?
48
In base 12, what is 5 - -114?
119
In base 16, what is 4 + -a5?
-a1
In base 6, what is 3141 - 4?
3133
In base 12, what is -130 + 4?
-128
In base 2, what is -10101010 - 100?
-10101110
In base 4, what is 13 + -332?
-313
In base 3, what is -2 - -1200?
1121
In base 4, what is -11 + -31?
-102
In base 9, what is -6 + -217?
-224
In base 9, what is 4 - -8064?
8068
In base 15, what is 14eb + -1?
14ea
In base 15, what is -6 + 62?
5b
In base 6, what is 55 + 0?
55
In base 11, what is 10a6 + 14?
110a
In base 12, what is 2 + -290?
-28a
In base 11, what is -3 - -358?
355
In base 12, what is 0 + -87?
-87
In base 7, what is 22 - 0?
22
In base 15, what is 2 + 2c2?
2c4
In base 16, what is -5cb - -1?
-5ca
In base 8, what is -602 - 5?
-607
In base 10, what is -1007 - -6?
-1001
In base 2, what is -11011 + -10001010010?
-10001101101
In base 16, what is -7 + 7e?
77
In base 9, what is 33 + 3?
36
In base 4, what is 1 + 1023?
1030
In base 5, what is -24 + 10?
-14
In base 11, what is -5 - 2122?
-2127
In base 15, what is 9e - 0?
9e
In base 11, what is 221 + 0?
221
In base 6, what is -24352 - -2?
-24350
In base 5, what is -4 + 10?
1
In base 10, what is -91 - -9?
-82
In base 6, what is -1512 - -5?
-1503
In base 15, what is 5 - -42?
47
In base 15, what is 162 - 3?
15e
In base 15, what is 6 - d?
-7
In base 3, what is 0 + 2012?
2012
In base 6, what is -1 - -220?
215
In base 2, what is -1100100001110 + 101?
-1100100001001
In base 7, what is -33 + 113?
50
In base 6, what is -10 - 210?
-220
In base 5, what is 104 + -112?
-3
In base 12, what is -42 + -1?
-43
In base 3, what is 21020010 - 1?
21020002
In base 13, what is 253 + -2?
251
In base 4, what is -10 + 313210?
313200
In base 7, what is 2 + 110?
112
In base 8, what is -10 - 102?
-112
In base 10, what is -131 + -1?
-132
In base 10, what is 37326 + -5?
37321
In base 14, what is 1737 - -a?
1743
In base 5, what is 3 - -114404?
114412
In base 3, what is -20220011 + 12?
-20212222
In base 2, what is -101101 - 11?
-110000
In base 5, what is -4 + 31?
22
In base 12, what is 24 - -b?
33
In base 9, what is -151 + -2?
-153
In base 14, what is -3 - 5d?
-62
In base 10, what is 5 - -13?
18
In base 2, what is 100000110 - 0?
100000110
In base 15, what is ab - -6?
b2
In base 5, what is -3322 + 11?
-3311
In base 12, what is -2 + 54?
52
In base 5, what is 102 - -130?
232
In base 13, what is -a - -49?
3c
In base 9, what is -10 + 31?
21
In base 14, what is 0 - 26?
-26
In base 14, what is -1dc + -1?
-1dd
In base 13, what is -2 - -65?
63
In base 2, what is -1100 - -1001010000?
1001000100
In base 15, what is 1261 - -1?
1262
In base 15, what is d5bc + 0?
d5bc
In base 5, what is -2 - 3?
-10
In base 7, what is -4154 - 3?
-4160
In base 8, what is 60 - 6?
52
In base 8, what is -132 + -5?
-137
In base 16, what is -3d - -f7?
ba
In base 10, what is -277 + 3?
-274
In base 13, what is -9b - 87?
-155
In base 14, what is 9 - -531?
53a
In base 10, what is 9923 - -2?
9925
In base 14, what is -16 - 34?
-4a
In base 15, what is b - -6?
12
In base 4, what is 11 + 23123?
23200
In base 9, what is -4 + -3857?
-3862
In base 16, what is bb - 5?
b6
In base 8, what is -2152 + 4?
-2146
In base 10, what is -1497 - 1?
-1498
In base 4, what is -3 + 1010?
1001
In base 14, what is -5 + 31?
2a
In base 3, what is -101221 + -12?
-102010
In base 4, what is 33322 + -3?
33313
In base 15, what is -8 + -9?
-12
In base 14, what is -cb - 5?
-d2
In base 11, what is 94 - -18?
101
In base 7, what is -4555 + 2?
-4553
In base 2, what is 1010111 - 101?
1010010
In base 5, what is 0 - 11300?
-11300
In base 14, what is bb + -a?
b1
In base 16, what is -76 + -7?
-7d
In base 7, what is -21 + -5?
-26
In base 14, what is 2 + -a7?
-a5
In base 13, what is 12 + c8?
10a
In base 10, what is 3 + -5937?
-5934
In base 5, what is 33 - -41?
124
In base 3, what is 10 - 1001?
-221
In base 11, what is -19 + -18?
-36
In base 10, what is -1899 + 3?
-1896
In base 6, what is 21330 + -3?
21323
In base 8, what is -111 - -14?
-75
In base 15, what is 4b + -5?
46
In base 11, what is 5 - 871?
-867
In base 9, what is 63 + 1?
64
In base 7, what is -1 + 0?
-1
In base 8, what is 13 - -6?
21
In base 2, what is -10011101001010 + -1?
-10011101001011
In base 6, what is 1 + -51?
-50
In base 5, what is -42 - 2?
-44
In base 16, what is 7 + -6d?
-66
In base 12, what is 9 + 26?
33
In base 10, what is 383 + -10?
373
In base 5, what is -323 - 10?
